 divided by 50.
29
Calculate the remainder when 85 is divided by 49.
36
What is the remainder when 1208 is divided by 110?
108
Calculate the remainder when 1680 is divided by 92.
24
What is the remainder when 413 is divided by 37?
6
What is the remainder when 225 is divided by 74?
3
What is the remainder when 121 is divided by 27?
13
What is the remainder when 10455 is divided by 21?
18
What is the remainder when 701 is divided by 78?
77
What is the remainder when 97 is divided by 17?
12
What is the remainder when 479 is divided by 26?
11
Calculate the remainder when 2213 is divided by 18.
17
What is the remainder when 459 is divided by 111?
15
What is the remainder when 880 is divided by 14?
12
What is the remainder when 1441 is divided by 85?
81
What is the remainder when 133 is divided by 18?
7
What is the remainder when 944 is divided by 45?
44
Calculate the remainder when 3120 is divided by 21.
12
What is the remainder when 1953 is divided by 103?
99
Calculate the remainder when 12429 is divided by 110.
109
Calculate the remainder when 189 is divided by 36.
9
What is the remainder when 670 is divided by 97?
88
What is the remainder when 449 is divided by 181?
87
Calculate the remainder when 551 is divided by 183.
2
What is the remainder when 667 is divided by 26?
17
Calculate the remainder when 204 is divided by 23.
20
What is the remainder when 110 is divided by 27?
2
Calculate the remainder when 161 is divided by 1.
0
Calculate the remainder when 63 is divided by 7.
0
Calculate the remainder when 1468 is divided by 229.
94
What is the remainder when 2350 is divided by 12?
10
What is the remainder when 654 is divided by 426?
228
What is the remainder when 285 is divided by 136?
13
Calculate the remainder when 212 is divided by 90.
32
Calculate the remainder when 29 is divided by 6.
5
Calculate the remainder when 67 is divided by 20.
7
What is the remainder when 807 is divided by 53?
12
What is the remainder when 266 is divided by 84?
14
Calculate the remainder when 1593 is divided by 109.
67
What is the remainder when 280 is divided by 48?
40
What is the remainder when 747 is divided by 126?
117
Calculate the remainder when 63 is divided by 5.
3
What is the remainder when 367 is divided by 53?
49
Calculate the remainder when 541 is divided by 25.
16
What is the remainder when 678 is divided by 22?
18
What is the remainder when 115 is divided by 52?
11
Calculate the remainder when 1661 is divided by 104.
101
What is the remainder when 3870 is divided by 176?
174
Calculate the remainder when 15 is divided by 12.
3
What is the remainder when 237 is divided by 10?
7
What is the remainder when 3667 is divided by 915?
7
What is the remainder when 859 is divided by 43?
42
What is the remainder when 66 is divided by 17?
15
What is the remainder when 685 is divided by 476?
209
What is the remainder when 38909 is divided by 12966?
11
Calculate the remainder when 38 is divided by 8.
6
Calculate the remainder when 206 is divided by 69.
68
Calculate the remainder when 2892 is divided by 132.
120
What is the remainder when 256 is divided by 60?
16
Calculate the remainder when 358 is divided by 45.
43
Calculate the remainder when 255 is divided by 56.
31
What is the remainder when 5671 is divided by 22?
17
What is the remainder when 231 is divided by 62?
45
Calculate the remainder when 250 is divided by 42.
40
Calculate the remainder when 1845 is divided by 10.
5
Calculate the remainder when 239 is divided by 83.
73
Calculate the remainder when 1996 is divided by 74.
72
What is the remainder when 491 is divided by 38?
35
What is the remainder when 183 is divided by 48?
39
What is the remainder when 132 is divided by 67?
65
What is the remainder when 1142 is divided by 379?
5
Calculate the remainder when 194 is divided by 49.
47
What is the remainder when 703 is divided by 44?
43
What is the remainder when 9688 is divided by 38?
36
What is the remainder when 85 is divided by 33?
19
Calculate the remainder when 189 is divided by 27.
0
Calculate the remainder when 142 is divided by 8.
6
Calculate the remainder when 1028 is divided by 10.
8
Calculate the remainder when 603 is divided by 73.
19
What is the remainder when 53 is divided by 20?
13
What is the remainder when 217 is divided by 23?
10
What is the remainder when 84 is divided by 55?
29
What is the remainder when 573 is divided by 281?
11
Calculate the remainder when 620 is divided by 205.
5
Calculate the remainder when 28 is divided by 6.
4
Calculate the remainder when 236 is divided by 27.
20
Calculate the remainder when 675 is divided by 75.
0
What is the remainder when 13339 is divided by 115?
114
Calculate the remainder when 267 is divided by 93.
81
Calculate the remainder when 1210 is divided by 108.
22
What is the remainder when 58 is divided by 24?
10
What is the remainder when 754 is divided by 24?
10
Calculate the remainder when 7480 is divided by 87.
85
What is the remainder when 16929 is divided by 102?
99
What is the remainder when 937 is divided by 288?
73
Calculate the remainder when 366 is divided by 63.
51
Calculate the remainder when 89 is divided by 24.
17
What is the remainder when 796 is divided by 100?
96
Calculate the remainder when 623 is divided by 6.
5
Calculate the remainder when 555 is divided by 185.
0
What is the remainder when 377 is divided by 19?
16
What is the remainder when 52 is divided by 19?
14
What is the remainder when 4164 is divided by 27?
6
Calculate the remainder when 81 is divided by 21.
18
Calculate the remainder when 1550 is divided by 16.
14
Calculate the remainder when 163 is divided by 35.
23
Calculate the remainder when 204 is divided by 134.
70
Calculate the remainder when 723 is divided by 39.
21
Calculate the remainder when 1377 is divided by 1363.
14
What is the remainder when 73 is divided by 42?
31
What is the remainder when 479 is divided by 11?
6
Calculate the remainder when 341 is divided by 43.
40
What is the remainder when 196 is divided by 31?
10
What is the remainder when 1383 is divided by 8?
7
What is the remainder when 7775 is divided by 3883?
9
What is the remainder when 97 is divided by 6?
1
What is the remainder when 778 is divided by 11?
8
Calculate the remainder when 186 is divided by 33.
21
Calculate the remainder when 1756 is divided by 134.
14
What is the remainder when 282 is divided by 13?
9
Calculate the remainder when 701 is divided by 70.
1
What is the remainder when 19810 is divided by 9901?
8
Calculate the remainder when 169 is divided by 9.
7
What is the remainder when 487 is divided by 82?
77
What is the remainder when 3893 is divided by 177?
176
What is the remainder when 395 is divided by 22?
21
What is the remainder when 559 is divided by 258?
43
Calculate the remainder when 893 is divided by 149.
148
Calculate the remainder when 2759 is divided by 115.
114
Calculate the remainder when 90 is divided by 28.
6
Calculate the remainder when 1509 is divided by 18.
15
Calculate the remainder when 1367 is divided by 98.
93
What is the remainder when 537 is divided by 174?
15
What is the remainder when 142 is divided by 51?
40
What is the remainder when 113 is divided by 58?
55
Calculate the remainder when 341 is divided by 70.
61
What is the remainder when 529 is divided by 38?
35
Calculate the remainder when 79 is divided by 40.
39
What is the remainder when 544 is divided by 50?
44
What is the remainder when 719 is divided by 60?
59
What is the remainder when 706 is divided by 12?
10
Calculate the remainder when 474 is divided by 32.
26
Calculate the remainder when 7424 is divided by 158.
156
Calculate the remainder when 169 is divided by 50.
19
What is the remainder when 829 is divided by 76?
69
Calculate the remainder when 496 is divided by 180.
136
What is the remainder when 27 is divided by 11?
5
What is the remainder when 6173 is divided by 13?
11
What is the remainder when 350 is divided by 22?
20
Calculate the remainder when 4671 is divided by 28.
23
What is the remainder when 598 is divided by 120?
118
Calculate the remainder when 1125 is divided by 103.
95
Calculate the remainder when 372 is divided by 124.
0
Calculate the remainder when 4265 is divided by 122.
117
What is the remainder when 724 is divid